{"id":2114,"date":"2023-11-08T13:34:16","date_gmt":"2023-11-08T12:34:16","guid":{"rendered":"https:\/\/landgraafoptoch.nl\/wordpress\/?page_id=2114"},"modified":"2023-11-08T13:40:02","modified_gmt":"2023-11-08T12:40:02","slug":"historie","status":"publish","type":"page","link":"https:\/\/landgraafoptoch.nl\/wordpress\/historie\/","title":{"rendered":"Historie"},"content":{"rendered":"\t\t<div data-elementor-type=\"wp-page\" data-elementor-id=\"2114\" class=\"elementor elementor-2114\" data-elementor-post-type=\"page\">\n\t\t\t\t<div class=\"elementor-element elementor-element-5269c1c e-flex e-con-boxed e-con e-parent\" data-id=\"5269c1c\" data-element_type=\"container\" data-e-type=\"container\">\n\t\t\t\t\t<div class=\"e-con-inner\">\n\t\t<div class=\"elementor-element elementor-element-ce6e52f e-con-full e-flex e-con e-child\" data-id=\"ce6e52f\" data-element_type=\"container\" data-e-type=\"container\">\n\t\t\t\t<div class=\"elementor-element elementor-element-717c59a elementor-widget elementor-widget-text-editor\" data-id=\"717c59a\" data-element_type=\"widget\" data-e-type=\"widget\" data-widget_type=\"text-editor.default\">\n\t\t\t\t<div class=\"elementor-widget-container\">\n\t\t\t\t\t\t\t\t\t<h4>Geschiedenis&#8230;<\/h4><p>Al lang voor het ontstaan van de gemeente Landgraaf (in 1982) werden er in de voormalige gemeentes Schaesberg en Nieuwenhagen en Ubach over Worms carnavalsoptochten georganiseerd. In Ubach over Worms trok de optocht op zondag; in de beide andere kleine gemeentes trokken de optochten op carnavalsdinsdag door de straten \u2013 hemelsbreed op sommige plekken slechts een paar honderd meter van elkaar verwijderd. De optochten van Ubach over Worms en Nieuwenhagen waren meer lokaal gericht dan die van Schaesberg. De laatste trok deelnemers en bezoekers uit de hele regio.<\/p><p>In de jaren \u201970 is er \u00e9\u00e9n keer een poging gewaagd om \u00e9\u00e9n grote optocht te laten trekken van Rimburg tot op \u2019t Eikske (twee uiteinden van de huidige gemeente Landgraaf). Door de te grote lengte van de route bleef het bij een eenmalig experiment.<\/p><p>De gemeentelijke herindeling in 1982 maakte van Ubach over Worms, Nieuwenhagen en Schaesberg kernen van de nieuwe gemeente Landgraaf \u2013 de aparte optochten bleven echter naast elkaar bestaan; elk met hun eigen doelgroep en karakter.<\/p>\t\t\t\t\t\t\t\t<\/div>\n\t\t\t\t<\/div>\n\t\t\t\t<\/div>\n\t\t<div class=\"elementor-element elementor-element-b158b85 e-con-full e-flex e-con e-child\" data-id=\"b158b85\" data-element_type=\"container\" data-e-type=\"container\">\n\t\t\t\t<div class=\"elementor-element elementor-element-83ccf30 elementor-widget elementor-widget-image\" data-id=\"83ccf30\" data-element_type=\"widget\" data-e-type=\"widget\" data-widget_type=\"image.default\">\n\t\t\t\t<div class=\"elementor-widget-container\">\n\t\t\t\t\t\t\t\t\t\t\t\t\t\t\t<img fetchpriority=\"high\" decoding=\"async\" width=\"500\" height=\"536\" src=\"https:\/\/landgraafoptoch.nl\/wordpress\/wp-content\/uploads\/2023\/11\/LGR_OPTOCH_47-e1699446986541.jpg\" class=\"attachment-large size-large wp-image-2117\" alt=\"\" srcset=\"https:\/\/landgraafoptoch.nl\/wordpress\/wp-content\/uploads\/2023\/11\/LGR_OPTOCH_47-e1699446986541.jpg 500w, https:\/\/landgraafoptoch.nl\/wordpress\/wp-content\/uploads\/2023\/11\/LGR_OPTOCH_47-e1699446986541-280x300.jpg 280w\" sizes=\"(max-width: 500px) 100vw, 500px\" \/>\t\t\t\t\t\t\t\t\t\t\t\t\t\t\t<\/div>\n\t\t\t\t<\/div>\n\t\t\t\t<\/div>\n\t\t<div class=\"elementor-element elementor-element-bc5c1f2 e-con-full e-flex e-con e-child\" data-id=\"bc5c1f2\" data-element_type=\"container\" data-e-type=\"container\">\n\t\t\t\t<div class=\"elementor-element elementor-element-0daf3aa elementor-widget elementor-widget-image\" data-id=\"0daf3aa\" data-element_type=\"widget\" data-e-type=\"widget\" data-widget_type=\"image.default\">\n\t\t\t\t<div class=\"elementor-widget-container\">\n\t\t\t\t\t\t\t\t\t\t\t\t\t\t\t<img decoding=\"async\" width=\"393\" height=\"855\" src=\"https:\/\/landgraafoptoch.nl\/wordpress\/wp-content\/uploads\/2023\/11\/LGR_OPTOCH_04.jpg\" class=\"attachment-large size-large wp-image-2118\" alt=\"\" srcset=\"https:\/\/landgraafoptoch.nl\/wordpress\/wp-content\/uploads\/2023\/11\/LGR_OPTOCH_04.jpg 393w, https:\/\/landgraafoptoch.nl\/wordpress\/wp-content\/uploads\/2023\/11\/LGR_OPTOCH_04-138x300.jpg 138w\" sizes=\"(max-width: 393px) 100vw, 393px\" \/>\t\t\t\t\t\t\t\t\t\t\t\t\t\t\t<\/div>\n\t\t\t\t<\/div>\n\t\t\t\t<\/div>\n\t\t<div class=\"elementor-element elementor-element-072998b e-con-full e-flex e-con e-child\" data-id=\"072998b\" data-element_type=\"container\" data-e-type=\"container\">\n\t\t\t\t<div class=\"elementor-element elementor-element-e46f051 elementor-widget elementor-widget-text-editor\" data-id=\"e46f051\" data-element_type=\"widget\" data-e-type=\"widget\" data-widget_type=\"text-editor.default\">\n\t\t\t\t<div class=\"elementor-widget-container\">\n\t\t\t\t\t\t\t\t\t<p>Pas in 2001 werd door de toenmalige wethouder van cultuur van de gemeente Landgraaf het idee geopperd om te trachten \u00e9\u00e9n grote optocht voor Landgraaf te organiseren.<\/p><p>Uiteraard bleken er voor- en tegenstanders voor zo\u2019n optocht te zijn. Ook de infrastructuur van Landgraaf, in de vorm van een aantal bruggen, bleek een onoverkomelijk obstakel te vormen. Daardoor vielen de kernen Ubach over Worms en Rimburg als deel van optochtroute al vlug af.<\/p><p>Na veel overleg werd uiteindelijk besloten om de bestaande optochten in Schaesberg en Nieuwenhagen op carnavalsdinsdag samen te smelten tot de \u201cLandgraafoptocht\u201d. De optochten in Ubach over Worms en Rimburg op carnavalszondag bleven in de huidige vorm bestaan. Beide kernen spraken echter wel de intentie uit om mee te werken aan de Landgraafoptocht.<\/p><p>Natuurlijk waren er heel wat knelpunten op te lossen: In welke richting zou de optocht moeten trekken (m.a.w. waar zou het eindpunt komen te liggen?) \u2013 wat zou dit betekenen dit voor de lokale horeca-gelegenheden \u2013 hoe lang zou de route moeten worden \u2013 en vooral: wie zou de optocht gaan organiseren?<\/p><p>\u00a0<\/p><p>De bestaande stichting optochtcomit\u00e9 Nieuwenhagen en het optochtcomit\u00e9 van d\u2019r Schaesbergse Vasteloavends Verein sloegen de handen ineen en namen de uitdaging op zich.<\/p><p>Er werden werkgroepen ingericht die de afzonderlijke problemen te lijf gingen en die er voor zorgden dat op 12 februari 2002 de eerste \u2018Landgraaf Optoch\u2019 kon trekken. Het werd meteen een groot succes. Toen ook in 2003 bleek dat de nieuwe formule werkte, is in de zomer van 2003 de stichting Landgraaf Optoch opgericht om ook voor de toekomst te kunnen garanderen dat er op carnavalsdinsdag een optocht van hoge kwaliteit door de straten van Landgraaf zal trekken.<\/p>\t\t\t\t\t\t\t\t<\/div>\n\t\t\t\t<\/div>\n\t\t\t\t<\/div>\n\t\t\t\t\t<\/div>\n\t\t\t\t<\/div>\n\t\t\t\t<\/div>\n\t\t","protected":false},"excerpt":{"rendered":"<p>Geschiedenis&#8230; Al lang voor het ontstaan van de gemeente Landgraaf (in 1982) werden er in de voormalige gemeentes Schaesberg en Nieuwenhagen en Ubach over Worms carnavalsoptochten georganiseerd. In Ubach over Worms trok de optocht op zondag; in de beide andere kleine gemeentes trokken de optochten op carnavalsdinsdag door de straten \u2013 hemelsbreed op sommige plekken [&hellip;]<\/p>\n","protected":false},"author":1,"featured_media":0,"parent":0,"menu_order":0,"comment_status":"closed","ping_status":"closed","template":"","meta":{"_uag_custom_page_level_css":"","site-sidebar-layout":"no-sidebar","site-content-layout":"page-builder","ast-site-content-layout":"full-width-container","site-content-style":"default","site-sidebar-style":"default","ast-global-header-display":"","ast-banner-title-visibility":"","ast-main-header-display":"","ast-hfb-above-header-display":"","ast-hfb-below-header-display":"","ast-hfb-mobile-header-display":"","site-post-title":"disabled","ast-breadcrumbs-content":"","ast-featured-img":"disabled","footer-sml-layout":"","ast-disable-related-posts":"","theme-transparent-header-meta":"","adv-header-id-meta":"","stick-header-meta":"","header-above-stick-meta":"","header-main-stick-meta":"","header-below-stick-meta":"","astra-migrate-meta-layouts":"default","ast-page-background-enabled":"default","ast-page-background-meta":{"desktop":{"background-color":"var(--ast-global-color-4)","background-image":"","background-repeat":"repeat","background-position":"center center","background-size":"auto","background-attachment":"scroll","background-type":"","background-media":"","overlay-type":"","overlay-color":"","overlay-opacity":"","overlay-gradient":""},"tablet":{"background-color":"","background-image":"","background-repeat":"repeat","background-position":"center center","background-size":"auto","background-attachment":"scroll","background-type":"","background-media":"","overlay-type":"","overlay-color":"","overlay-opacity":"","overlay-gradient":""},"mobile":{"background-color":"","background-image":"","background-repeat":"repeat","background-position":"center center","background-size":"auto","background-attachment":"scroll","background-type":"","background-media":"","overlay-type":"","overlay-color":"","overlay-opacity":"","overlay-gradient":""}},"ast-content-background-meta":{"desktop":{"background-color":"var(--ast-global-color-5)","background-image":"","background-repeat":"repeat","background-position":"center center","background-size":"auto","background-attachment":"scroll","background-type":"","background-media":"","overlay-type":"","overlay-color":"","overlay-opacity":"","overlay-gradient":""},"tablet":{"background-color":"var(--ast-global-color-5)","background-image":"","background-repeat":"repeat","background-position":"center center","background-size":"auto","background-attachment":"scroll","background-type":"","background-media":"","overlay-type":"","overlay-color":"","overlay-opacity":"","overlay-gradient":""},"mobile":{"background-color":"var(--ast-global-color-5)","background-image":"","background-repeat":"repeat","background-position":"center center","background-size":"auto","background-attachment":"scroll","background-type":"","background-media":"","overlay-type":"","overlay-color":"","overlay-opacity":"","overlay-gradient":""}},"footnotes":""},"class_list":["post-2114","page","type-page","status-publish","hentry"],"yoast_head":"<!-- This site is optimized with the Yoast SEO plugin v27.5 - https:\/\/yoast.com\/product\/yoast-seo-wordpress\/ -->\n<title>Historie - Landgraafoptoch<\/title>\n<meta name=\"robots\" content=\"index, follow, max-snippet:-1, max-image-preview:large, max-video-preview:-1\" \/>\n<link rel=\"canonical\" href=\"https:\/\/landgraafoptoch.nl\/wordpress\/historie\/\" \/>\n<meta property=\"og:locale\" content=\"nl_NL\" \/>\n<meta property=\"og:type\" content=\"article\" \/>\n<meta property=\"og:title\" content=\"Historie - Landgraafoptoch\" \/>\n<meta property=\"og:description\" content=\"Geschiedenis&#8230; Al lang voor het ontstaan van de gemeente Landgraaf (in 1982) werden er in de voormalige gemeentes Schaesberg en Nieuwenhagen en Ubach over Worms carnavalsoptochten georganiseerd. In Ubach over Worms trok de optocht op zondag; in de beide andere kleine gemeentes trokken de optochten op carnavalsdinsdag door de straten \u2013 hemelsbreed op sommige plekken [&hellip;]\" \/>\n<meta property=\"og:url\" content=\"https:\/\/landgraafoptoch.nl\/wordpress\/historie\/\" \/>\n<meta property=\"og:site_name\" content=\"Landgraafoptoch\" \/>\n<meta property=\"article:modified_time\" content=\"2023-11-08T12:40:02+00:00\" \/>\n<meta property=\"og:image\" content=\"https:\/\/landgraafoptoch.nl\/wordpress\/wp-content\/uploads\/2023\/11\/LGR_OPTOCH_47-e1699446986541.jpg\" \/>\n<meta name=\"twitter:card\" content=\"summary_large_image\" \/>\n<meta name=\"twitter:label1\" content=\"Geschatte leestijd\" \/>\n\t<meta name=\"twitter:data1\" content=\"3 minuten\" \/>\n<script type=\"application\/ld+json\" class=\"yoast-schema-graph\">{\"@context\":\"https:\\\/\\\/schema.org\",\"@graph\":[{\"@type\":\"WebPage\",\"@id\":\"https:\\\/\\\/landgraafoptoch.nl\\\/wordpress\\\/historie\\\/\",\"url\":\"https:\\\/\\\/landgraafoptoch.nl\\\/wordpress\\\/historie\\\/\",\"name\":\"Historie - Landgraafoptoch\",\"isPartOf\":{\"@id\":\"https:\\\/\\\/landgraafoptoch.nl\\\/wordpress\\\/#website\"},\"primaryImageOfPage\":{\"@id\":\"https:\\\/\\\/landgraafoptoch.nl\\\/wordpress\\\/historie\\\/#primaryimage\"},\"image\":{\"@id\":\"https:\\\/\\\/landgraafoptoch.nl\\\/wordpress\\\/historie\\\/#primaryimage\"},\"thumbnailUrl\":\"https:\\\/\\\/landgraafoptoch.nl\\\/wordpress\\\/wp-content\\\/uploads\\\/2023\\\/11\\\/LGR_OPTOCH_47-e1699446986541.jpg\",\"datePublished\":\"2023-11-08T12:34:16+00:00\",\"dateModified\":\"2023-11-08T12:40:02+00:00\",\"breadcrumb\":{\"@id\":\"https:\\\/\\\/landgraafoptoch.nl\\\/wordpress\\\/historie\\\/#breadcrumb\"},\"inLanguage\":\"nl-NL\",\"potentialAction\":[{\"@type\":\"ReadAction\",\"target\":[\"https:\\\/\\\/landgraafoptoch.nl\\\/wordpress\\\/historie\\\/\"]}]},{\"@type\":\"ImageObject\",\"inLanguage\":\"nl-NL\",\"@id\":\"https:\\\/\\\/landgraafoptoch.nl\\\/wordpress\\\/historie\\\/#primaryimage\",\"url\":\"https:\\\/\\\/landgraafoptoch.nl\\\/wordpress\\\/wp-content\\\/uploads\\\/2023\\\/11\\\/LGR_OPTOCH_47-e1699446986541.jpg\",\"contentUrl\":\"https:\\\/\\\/landgraafoptoch.nl\\\/wordpress\\\/wp-content\\\/uploads\\\/2023\\\/11\\\/LGR_OPTOCH_47-e1699446986541.jpg\",\"width\":500,\"height\":536},{\"@type\":\"BreadcrumbList\",\"@id\":\"https:\\\/\\\/landgraafoptoch.nl\\\/wordpress\\\/historie\\\/#breadcrumb\",\"itemListElement\":[{\"@type\":\"ListItem\",\"position\":1,\"name\":\"Home\",\"item\":\"https:\\\/\\\/landgraafoptoch.nl\\\/wordpress\\\/\"},{\"@type\":\"ListItem\",\"position\":2,\"name\":\"Historie\"}]},{\"@type\":\"WebSite\",\"@id\":\"https:\\\/\\\/landgraafoptoch.nl\\\/wordpress\\\/#website\",\"url\":\"https:\\\/\\\/landgraafoptoch.nl\\\/wordpress\\\/\",\"name\":\"Landgraafoptoch\",\"description\":\"De sjunste van Parkstad\",\"publisher\":{\"@id\":\"https:\\\/\\\/landgraafoptoch.nl\\\/wordpress\\\/#organization\"},\"potentialAction\":[{\"@type\":\"SearchAction\",\"target\":{\"@type\":\"EntryPoint\",\"urlTemplate\":\"https:\\\/\\\/landgraafoptoch.nl\\\/wordpress\\\/?s={search_term_string}\"},\"query-input\":{\"@type\":\"PropertyValueSpecification\",\"valueRequired\":true,\"valueName\":\"search_term_string\"}}],\"inLanguage\":\"nl-NL\"},{\"@type\":\"Organization\",\"@id\":\"https:\\\/\\\/landgraafoptoch.nl\\\/wordpress\\\/#organization\",\"name\":\"Landgraafoptoch\",\"url\":\"https:\\\/\\\/landgraafoptoch.nl\\\/wordpress\\\/\",\"logo\":{\"@type\":\"ImageObject\",\"inLanguage\":\"nl-NL\",\"@id\":\"https:\\\/\\\/landgraafoptoch.nl\\\/wordpress\\\/#\\\/schema\\\/logo\\\/image\\\/\",\"url\":\"https:\\\/\\\/landgraafoptoch.nl\\\/wordpress\\\/wp-content\\\/uploads\\\/2023\\\/11\\\/cropped-logometgeel-groot-1.jpg\",\"contentUrl\":\"https:\\\/\\\/landgraafoptoch.nl\\\/wordpress\\\/wp-content\\\/uploads\\\/2023\\\/11\\\/cropped-logometgeel-groot-1.jpg\",\"width\":738,\"height\":554,\"caption\":\"Landgraafoptoch\"},\"image\":{\"@id\":\"https:\\\/\\\/landgraafoptoch.nl\\\/wordpress\\\/#\\\/schema\\\/logo\\\/image\\\/\"}}]}<\/script>\n<!-- \/ Yoast SEO plugin. -->","yoast_head_json":{"title":"Historie - Landgraafoptoch","robots":{"index":"index","follow":"follow","max-snippet":"max-snippet:-1","max-image-preview":"max-image-preview:large","max-video-preview":"max-video-preview:-1"},"canonical":"https:\/\/landgraafoptoch.nl\/wordpress\/historie\/","og_locale":"nl_NL","og_type":"article","og_title":"Historie - Landgraafoptoch","og_description":"Geschiedenis&#8230; Al lang voor het ontstaan van de gemeente Landgraaf (in 1982) werden er in de voormalige gemeentes Schaesberg en Nieuwenhagen en Ubach over Worms carnavalsoptochten georganiseerd. In Ubach over Worms trok de optocht op zondag; in de beide andere kleine gemeentes trokken de optochten op carnavalsdinsdag door de straten \u2013 hemelsbreed op sommige plekken [&hellip;]","og_url":"https:\/\/landgraafoptoch.nl\/wordpress\/historie\/","og_site_name":"Landgraafoptoch","article_modified_time":"2023-11-08T12:40:02+00:00","og_image":[{"url":"https:\/\/landgraafoptoch.nl\/wordpress\/wp-content\/uploads\/2023\/11\/LGR_OPTOCH_47-e1699446986541.jpg","type":"","width":"","height":""}],"twitter_card":"summary_large_image","twitter_misc":{"Geschatte leestijd":"3 minuten"},"schema":{"@context":"https:\/\/schema.org","@graph":[{"@type":"WebPage","@id":"https:\/\/landgraafoptoch.nl\/wordpress\/historie\/","url":"https:\/\/landgraafoptoch.nl\/wordpress\/historie\/","name":"Historie - Landgraafoptoch","isPartOf":{"@id":"https:\/\/landgraafoptoch.nl\/wordpress\/#website"},"primaryImageOfPage":{"@id":"https:\/\/landgraafoptoch.nl\/wordpress\/historie\/#primaryimage"},"image":{"@id":"https:\/\/landgraafoptoch.nl\/wordpress\/historie\/#primaryimage"},"thumbnailUrl":"https:\/\/landgraafoptoch.nl\/wordpress\/wp-content\/uploads\/2023\/11\/LGR_OPTOCH_47-e1699446986541.jpg","datePublished":"2023-11-08T12:34:16+00:00","dateModified":"2023-11-08T12:40:02+00:00","breadcrumb":{"@id":"https:\/\/landgraafoptoch.nl\/wordpress\/historie\/#breadcrumb"},"inLanguage":"nl-NL","potentialAction":[{"@type":"ReadAction","target":["https:\/\/landgraafoptoch.nl\/wordpress\/historie\/"]}]},{"@type":"ImageObject","inLanguage":"nl-NL","@id":"https:\/\/landgraafoptoch.nl\/wordpress\/historie\/#primaryimage","url":"https:\/\/landgraafoptoch.nl\/wordpress\/wp-content\/uploads\/2023\/11\/LGR_OPTOCH_47-e1699446986541.jpg","contentUrl":"https:\/\/landgraafoptoch.nl\/wordpress\/wp-content\/uploads\/2023\/11\/LGR_OPTOCH_47-e1699446986541.jpg","width":500,"height":536},{"@type":"BreadcrumbList","@id":"https:\/\/landgraafoptoch.nl\/wordpress\/historie\/#breadcrumb","itemListElement":[{"@type":"ListItem","position":1,"name":"Home","item":"https:\/\/landgraafoptoch.nl\/wordpress\/"},{"@type":"ListItem","position":2,"name":"Historie"}]},{"@type":"WebSite","@id":"https:\/\/landgraafoptoch.nl\/wordpress\/#website","url":"https:\/\/landgraafoptoch.nl\/wordpress\/","name":"Landgraafoptoch","description":"De sjunste van Parkstad","publisher":{"@id":"https:\/\/landgraafoptoch.nl\/wordpress\/#organization"},"potentialAction":[{"@type":"SearchAction","target":{"@type":"EntryPoint","urlTemplate":"https:\/\/landgraafoptoch.nl\/wordpress\/?s={search_term_string}"},"query-input":{"@type":"PropertyValueSpecification","valueRequired":true,"valueName":"search_term_string"}}],"inLanguage":"nl-NL"},{"@type":"Organization","@id":"https:\/\/landgraafoptoch.nl\/wordpress\/#organization","name":"Landgraafoptoch","url":"https:\/\/landgraafoptoch.nl\/wordpress\/","logo":{"@type":"ImageObject","inLanguage":"nl-NL","@id":"https:\/\/landgraafoptoch.nl\/wordpress\/#\/schema\/logo\/image\/","url":"https:\/\/landgraafoptoch.nl\/wordpress\/wp-content\/uploads\/2023\/11\/cropped-logometgeel-groot-1.jpg","contentUrl":"https:\/\/landgraafoptoch.nl\/wordpress\/wp-content\/uploads\/2023\/11\/cropped-logometgeel-groot-1.jpg","width":738,"height":554,"caption":"Landgraafoptoch"},"image":{"@id":"https:\/\/landgraafoptoch.nl\/wordpress\/#\/schema\/logo\/image\/"}}]}},"uagb_featured_image_src":{"full":false,"thumbnail":false,"medium":false,"medium_large":false,"large":false,"1536x1536":false,"2048x2048":false},"uagb_author_info":{"display_name":"admin","author_link":"https:\/\/landgraafoptoch.nl\/wordpress\/author\/landgraaf\/"},"uagb_comment_info":0,"uagb_excerpt":"Geschiedenis&#8230; Al lang voor het ontstaan van de gemeente Landgraaf (in 1982) werden er in de voormalige gemeentes Schaesberg en Nieuwenhagen en Ubach over Worms carnavalsoptochten georganiseerd. In Ubach over Worms trok de optocht op zondag; in de beide andere kleine gemeentes trokken de optochten op carnavalsdinsdag door de straten \u2013 hemelsbreed op sommige plekken&hellip;","_links":{"self":[{"href":"https:\/\/landgraafoptoch.nl\/wordpress\/wp-json\/wp\/v2\/pages\/2114","targetHints":{"allow":["GET"]}}],"collection":[{"href":"https:\/\/landgraafoptoch.nl\/wordpress\/wp-json\/wp\/v2\/pages"}],"about":[{"href":"https:\/\/landgraafoptoch.nl\/wordpress\/wp-json\/wp\/v2\/types\/page"}],"author":[{"embeddable":true,"href":"https:\/\/landgraafoptoch.nl\/wordpress\/wp-json\/wp\/v2\/users\/1"}],"replies":[{"embeddable":true,"href":"https:\/\/landgraafoptoch.nl\/wordpress\/wp-json\/wp\/v2\/comments?post=2114"}],"version-history":[{"count":4,"href":"https:\/\/landgraafoptoch.nl\/wordpress\/wp-json\/wp\/v2\/pages\/2114\/revisions"}],"predecessor-version":[{"id":2122,"href":"https:\/\/landgraafoptoch.nl\/wordpress\/wp-json\/wp\/v2\/pages\/2114\/revisions\/2122"}],"wp:attachment":[{"href":"https:\/\/landgraafoptoch.nl\/wordpress\/wp-json\/wp\/v2\/media?parent=2114"}],"curies":[{"name":"wp","href":"https:\/\/api.w.org\/{rel}","templated":true}]}}